9
Let w(d) = 4*d. Determine w(11).
44
Let l(g) = -g + 8. Determine l(-8).
16
Let d(g) = g**3 - 12*g**2 - 14*g - 6. What is d(13)?
-19
Let k(p) = -35*p**2. What is k(1)?
-35
Let d(y) = -y**2 - 79*y + 332. Determine d(4).
0
Let w(h) = -4*h + 10. Give w(4).
-6
Let j(u) = 2*u + 6. Give j(-2).
2
Let n(f) = f**3 - 12*f**2 + 17*f + 4. What is n(11)?
70
Let s(l) = 2*l - 5. Determine s(6).
7
Let x(y) = -2*y**3 + 11*y**2 + 11*y - 26. Give x(6).
4
Let x(o) = o**2 + 7*o - 9. What is x(-8)?
-1
Let w(x) = -17*x + 308. Give w(18).
2
Let u(c) = -4*c - 38. Calculate u(-6).
-14
Let n(v) = v**2 + 4*v + 2. What is n(-4)?
2
Let j(c) = 2*c**2 + 23*c + 45. Give j(-5).
-20
Let z(h) = h**2 - 15*h + 10. Calculate z(9).
-44
Let q(h) = -h**3 + 4*h**2 + h. Calculate q(2).
10
Let p(i) = -4*i + 65. Determine p(17).
-3
Let r(g) = -5*g**2 + 3*g + 5. Give r(-3).
-49
Let t(p) = p**3 + 33*p**2 - 2*p - 72. Give t(-33).
-6
Let f(z) = -15*z + 6. Give f(4).
-54
Let t(f) = f**3 - 2*f**2 + 7*f - 18. Determine t(3).
12
Let x(t) = 10*t + 15. Give x(6).
75
Let u(x) = 2*x**3 + 3*x**2 - 6*x. Determine u(2).
16
Let d(o) = 35*o - 71. Give d(2).
-1
Let f(n) = -5*n + 66. Determine f(22).
-44
Let m(q) = -74*q - 6. What is m(-1)?
68
Let l(r) = r**2 + 10*r + 11. Give l(-10).
11
Let z(p) = 2*p**2 + 10*p - 24. What is z(-6)?
-12
Let u(v) = v**3 + 3*v**2 - 5*v. What is u(-4)?
4
Let c(m) = m**3 + 10*m**2 + m - 2. Give c(-10).
-12
Let l(y) = -y**2 - 18*y - 52. What is l(-19)?
-71
Let b(i) = -i - 6. What is b(2)?
-8
Let w(m) = -m**2 + 3*m + 5. Calculate w(4).
1
Let v(t) = -t**2 - 13*t + 554. Give v(-31).
-4
Let w(o) = o**3 - 5*o**2 - 5*o + 2. Give w(5).
-23
Let s(g) = -g**3 - 4*g**2 + 5*g - 5. Give s(-5).
-5
Let f(k) = -2*k**2 + 10*k + 14. What is f(6)?
2
Let u(y) = 2*y + 2. Determine u(11).
24
Let x(p) = -14*p - 45. Calculate x(-4).
11
Let x(b) = -b**3 + 13*b**2 - 11*b + 3. Calculate x(12).
15
Let j(i) = -i**3 + 8*i**2 + i - 19. Give j(8).
-11
Let z(r) = 6*r + 41. What is z(4)?
65
Let a(z) = z**2 + 5*z. Calculate a(-4).
-4
Let k(w) = -w**3 + 6*w**2 - 17. What is k(5)?
8
Let t(b) = 8*b + 2. Calculate t(-3).
-22
Let p(r) = -r**2 - 3*r - 8. What is p(-4)?
-12
Let a(m) = 2*m + 2. What is a(-4)?
-6
Let i(j) = -10*j. Give i(-1).
10
Let t(d) = d**3 - 5*d**2 - d. Determine t(5).
-5
Let o(j) = -5*j**2 + 3*j + 1. Give o(-3).
-53
Let x(f) = f**3 + 12*f**2 + 8*f - 27. Give x(-11).
6
Let g(j) = j**2 - 7*j - 18. Determine g(9).
0
Let s(m) = 2*m**2 + 9*m - 51. Give s(-8).
5
Let q(j) = 2*j**3 + 72*j**2 - 73*j + 30. Determine q(-37).
-7
Let w(k) = 5*k + 19. What is w(-13)?
-46
Let g(s) = -6*s**2 - 4*s - 1. What is g(-3)?
-43
Let d(z) = 4*z**2 - 2*z - 1. Determine d(-2).
19
Let d(k) = -k**3 + 9*k**2 - k + 17. Give d(9).
8
Let r(m) = -5*m - 9. Determine r(8).
-49
Let z(v) = -v**2 + 4*v - 5. Calculate z(3).
-2
Let z(o) = o + 13. Give z(-7).
6
Let k(p) = -23*p**2 - p - 1. Calculate k(-1).
-23
Let n(z) = 5*z**3 + 2*z**2 - 2. Give n(-1).
-5
Let a(f) = -f**2 + 9*f - 19. Determine a(5).
1
Let k(g) = -g**3 + 4*g**2 + 5*g + 4. Give k(5).
4
Let g(t) = -15*t - 1. Calculate g(2).
-31
Let w(h) = -9*h - 20. Give w(-9).
61
Let g(m) = 9*m. What is g(1)?
9
Let m(k) = -k**2 + k + 3. Give m(0).
3
Let b(f) = 6*f - 4. What is b(3)?
14
Let p(z) = -z**3 + 5*z**2 - 5*z + 4. Determine p(4).
0
Let n(y) = y**2 - 16*y + 12. Determine n(16).
12
Let n(v) = 5*v**2 - 1. Calculate n(2).
19
Let r(y) = -2*y - 4. What is r(22)?
-48
Let r(t) = -t**3 + 13*t**2 - 11*t - 10. Determine r(12).
2
Let q(n) = n**2 - 11*n + 3. Give q(10).
-7
Let m(a) = -14*a**3 - a - 1. What is m(-1)?
14
Let g(b) = 39*b + 207. Give g(-5).
12
Let z(x) = x**2 - 2*x + 11. What is z(3)?
14
Let i(a) = a**2 - 9*a + 5. Give i(13).
57
Let t(y) = 39*y + 309. Calculate t(-8).
-3
Let w(j) = j**2 + 3*j + 16. Give w(-8).
56
Let g(p) = 6*p + 11. What is g(-4)?
-13
Let i(o) = -2*o**2 - o. Determine i(1).
-3
Let f(a) = -7*a + 131. Determine f(19).
-2
Let p(m) = -6*m + 3. Calculate p(2).
-9
Let a(l) = l**2 - 12*l + 33. Determine a(7).
-2
Let d(m) = -m**2 + 8*m - 13. Give d(11).
-46
Let y(t) = -t**3 - 6*t**2 + 8*t + 7. Calculate y(-7).
0
Let j(a) = a**3 + 4*a**2 - 4*a - 20. Calculate j(-4).
-4
Let z(c) = c**2 - 21*c + 78. Calculate z(19).
40
Let i(p) = -p**2 + 14*p - 11. What is i(13)?
2
Let k(v) = -v - 38. Calculate k(-16).
-22
Let b(d) = -35*d - 137. What is b(-4)?
3
Let y(w) = -7*w + 86. What is y(13)?
-5
Let f(n) = -2*n - 25. Calculate f(-13).
1
Let m(o) = -o**2 - 4*o - 4. Give m(-4).
-4
Let f(c) = c - 24. Give f(-6).
-30
Let w(v) = v**3 + v**2 - v - 37. Determine w(0).
-37
Let r(u) = -24*u + 144. What is r(6)?
0
Let m(z) = z**3 - z**2 + z - 1. Give m(2).
5
Let a(p) = p**3 - 3*p**2 - 5*p + 4. What is a(4)?
0
Let v(y) = -y**3 + 15*y**2 + 13*y + 30. What is v(16)?
-18
Let u(q) = -q**2 - 14*q + 8. What is u(-11)?
41
Let w(r) = r**3 + 16*r**2 - 14*r + 38. Give w(-17).
-13
Let r(d) = -53*d**2 - 9*d + 4. Give r(-2).
-190
Let a(b) = -b**2 + 17*b. Determine a(17).
0
Let x(b) = -b**3 + b**2 + 2*b + 3. Calculate x(3).
-9
Let v(u) = u**2 - 22*u - 94. Determine v(26).
10
Let o(j) = -j + 11. What is o(5)?
6
Let o(l) = 162*l + 642. Give o(-4).
-6
Let q(s) = -4*s**3 + 2*s**2 + 5*s + 9. Determine q(-2).
39
Let a(f) = f**3 + 5*f**2 + f + 6. Calculate a(-6).
-36
Let x(w) = w**2 - 5*w + 12. Determine x(2).
6
Let m(d) = 2*d**3 - 14*d**2 - 3*d + 4. Calculate m(7).
-17
Let t(c) = c**2 + 4. Determine t(0).
4
Let c(l) = 20*l + 1. Determine c(-1).
-19
Let x(k) = k**3 + 15*k**2 - 17*k - 21. Calculate x(-16).
-5
Let i(j) = 261*j - 1043. Determine i(4).
1
Let x(y) = 4*y + 2. What is x(2)?
10
Let m(q) = -q**2 + 13*q - 3. What is m(7)?
39
Let k(u) = -14*u + 20. Determine k(2).
-8
Let f(o) = o - 38. What is f(-18)?
-56
Let s(j) = j**3 + 3*j**2 + 7*j + 2. Determine s(-3).
-19
Let m(k) = -5*k + 30. Calculate m(8).
-10
Let z(o) = 3*o**3 + o**2 - 2*o. Give z(1).
2
Let q(o) = 8*o - 99. Determine q(9).
-27
Let x(k) = -k**2 + 5*k + 2. Give x(5).
2
Let n(q) = q**2 + 7*q - 12. Give n(-9).
6
Let j(k) = k**2 - 24*k - 6. Calculate j(5).
-101
Let d(n) = -115*n + 577. What is d(5)?
2
Let x(k) = -k**2 + 7*k + 4. Give x(4).
16
Let w(p) = -3*p**2 - 93*p + 64. Give w(-31).
64
Let n(i) = i**3 + 21*i**2 - 25*i + 28. What is n(-22)?
94
Let w(z) = z**3 - 3*z**2 + 3*z + 1. Determine w(5).
66
Let x(s) = -10*s**2 + 2*s + 3. What is x(1)?
-5
Let i(b) = 2*b**3 - 9*b**2 - 2*b - 20. Determine i(5).
-5
Let z(t) = -5*t - 172. Give z(-33).
-7
Let d(m) = 4*m - 50. What is d(12)?
-2
Let m(b) = -b**3 + 12*b**2 - 11*b + 10. Determine m(11).
10
Let v(s) = -10*s**2. Give v(1).
-10
Let x(a) = -3*a**2 - 3*a + 3. What is x(2)?
-15
Let c(x) = 4*x + 11. Determine c(-8).
-21
Let k(f) = f - 3. Calculate k(-11).
-14
Let u(a) = a**3 - a**2 - a - 2. Determine u(0).
-2
Let j(b) = -3*b**2 - 3*b + 1. Give j(-3).
-17
Let d(j) = -j**3 - 9*j**2 - 8*j - 10. Calculate d(-8).
-10
Let i(f) = f**2 - 11*f + 6. Give i(11).
6
Let n(m) = m**2 - 9*m - 20. What is n(-2)?
2
Let f(j) = -2*j**3 - 13*j**2 + 8*j + 8. Give f(-7).
1
Let v(w) = 2*w**3 - w**2 + 2*w + 3. What is v(-2)?
-21
Let r(n) = 7*n - 16. What is r(9)?
47
Let a(s) = 14*s**3 + s + 1. Give a(-1).
-14
Let t(q) = -q**3 - 11*q**2 - 19*q - 7. Give t(-10).
83
Let o(i) = 4*i + 9. Determine o(6).
33
Let i(o) = 2*o + 6. Give i(6).
18
Let y(j) = 8*j + 1. Give y(2).
17
Let m(z) = -z**3 + z**2 + 2*z + 13. Give m(0).
13
Let d(g) = -g**3 - 9*g**2 + 14*g + 36. What is d(-10)?
-4
Let l(y) = -2*y**2 + 14*y - 13. Give l(6).
-1
Let s(t) = -9*t + 89. Determine s(14).
-37
Let f(s) = s**3 + 2*s**2 - 3*s - 5. Determine f(-3).
-5
Let z(k) = -k**3 + 7*k + 2. Determine z(-3).
8
Let c(z) = z + 15. Determine c(-23).
-8
Let x(n) = -19*n + 33. What is x(0)?
33
Let s(g) = 2*g**2 + 12*g - 2. Calculate s(-7).
12
Let w(o) = 10*o + 20. Give w(-2).
0
Let s(f) = -3*f**2 + 12*f - 11. Calculate s(-5).
-146
Let m(o) = 3*o**2 + 66*o + 4. Determine m(-22).
4
Let s(n) = -n**2 - 3*n + 10. Calculate s(-5).
0
Let x(l) = l**3 + 11*l**2 + 26*l - 6. Give x(-6).
18
Let w(x) = 5*x - 10. What is w(4)?
10
Let o(q) = 3*q + 42. Determine o(-17).
-9
Let d(y) = -y**2 + 2*y + 7. Give d(5).
-8
Let r(g) = -5*g**2 + 2. Calculate r(0).
2
Let g(r) = -2*r**2 - 15*r. What is g(-7)?
7
Let j(o) = o**2 + 12*o + 4. What is j(-11)?
-7
Let i(n) = 3*n**2 - 14*n + 34. Give i(5).
39
Let a(i) = i